he units digit of (5 + i)/((-9)/(-39))?
3
Suppose -3*j + 8*j - 15 = 0. Suppose j*k - 19 = 2*d, -d - 2 = -4*k - 3*d. What is the units digit of k?
3
Suppose b - 1794 = -5*b. What is the hundreds digit of b?
2
Suppose -v = -2*n + 6 - 18, -5*n - 15 = 5*v. Suppose -v + 6 = -4*l. Let s = l - -7. What is the units digit of s?
6
Let k be 2 + -1 + 12/1. Suppose -4*a = 4*o - 32, 5*a + k = 3*o + 77. What is the units digit of a?
1
Let r(z) = -2*z**3 - 3*z**2 + 5*z + 6. What is the units digit of r(-4)?
6
What is the hundreds digit of ((-132)/(-48))/(3*1/204)?
1
What is the units digit of 4/1 + (-2772)/(-18)?
8
Let h = -21 + 0. Let t = 32 + h. What is the tens digit of t?
1
Suppose -2*j = -19 + 5. Let r(u) = 3*u**3 - 2*u - 4*u**2 - 3*u + j - 2*u**3. What is the units digit of r(5)?
7
Let k = -57 + 109. What is the units digit of k?
2
Let a = -8 - -13. Suppose 4*o = -2*c + 118, -2*o = -o - a*c - 24. What is the units digit of o?
9
Let u(b) = -b + 31. Let t be u(0). Suppose -2*j + 40 = -x, 113 - t = 3*j + 4*x. What is the units digit of j?
2
Let k(c) = -c - 5. Suppose 0 = -2*a - 4, 2*a - a = s + 4. What is the units digit of k(s)?
1
Suppose -5*c - 2*z = -382, -2*c + z + 66 = -85. What is the units digit of (c/57)/((-4)/(-6))?
2
Let s(m) be the third derivative of m**6/120 + m**4/24 + 7*m**3/6 + 2*m**2. What is the units digit of s(0)?
7
Let t = -5 + 5. What is the units digit of (0 - -2) + t + 5?
7
Let l(q) be the first derivative of 3*q**2 + 3*q + 4. What is the tens digit of l(5)?
3
Let j be (-35)/(-3) + 1/3. What is the tens digit of (j/5)/(2/10)?
1
Suppose -l + 121 = 5*q - 34, 10 = -2*l. What is the units digit of q?
2
Let c(y) = -y**3 + 15*y**2 + y + 22. What is the tens digit of c(15)?
3
Suppose 3*l + 2*m + 3 = 2*l, l + 4*m = -7. Suppose 0*j - j = -l. What is the units digit of 7 - (-2)/(0 - j)?
5
Let y = 1 - -2. Let q = y + -3. Let n = 1 - q. What is the units digit of n?
1
Let f(z) = -z**3 - 27*z**2 - 33*z - 21. What is the tens digit of f(-26)?
6
Let g = 1 + -6. Let x = g - -10. What is the units digit of x?
5
Let u = 0 + 4. Suppose 0 = -5*j + 4*m + 53, -4*m = 2*j - u*j + 26. Let o = 21 - j. What is the tens digit of o?
1
Let m(n) = 5*n - 1. Suppose 0 = -3*k - 8 - 4. Let y be m(k). What is the tens digit of 7*6/y*-5?
1
Let g(b) = -6*b**3 - 4*b - 10. Let m(t) = -7*t**3 - 5*t - 10. Let x(q) = -6*g(q) + 5*m(q). What is the tens digit of x(0)?
1
Let p = 15 - 9. Suppose -p + 3 = -s. What is the units digit of s?
3
Let a be 1 - 0 - 155/(-1). Let d = -110 + a. What is the tens digit of d?
4
Suppose -48 = 2*m - 3*m. What is the tens digit of m?
4
Suppose 3*l = -4*t + 268, 2*l + 3*t - 60 = 119. What is the tens digit of l?
8
Let j be (-6)/(-33) - (-75)/11. Suppose -j*m + 3*m + 2*o = -18, -5*m - o = -40. Let c(f) = -f**3 + 8*f**2 - 6*f + 3. What is the units digit of c(m)?
0
Suppose -a = -5 + 2. Let s = 4 - -3. Let t = a + s. What is the tens digit of t?
1
Let g(s) = -5. Let p(l) = l + 6. Let u(r) = -6*g(r) - 5*p(r). What is the units digit of u(-2)?
0
Suppose 2*c + 48 = -5*h + 3*h, 0 = 4*h - 5*c + 132. Let x = 45 + h. What is the tens digit of x?
1
Let g(x) = 2*x**2 + 2*x - 10. Suppose -4*z - 2*v + 10 = 0, 12 = -4*v - 8. What is the tens digit of g(z)?
5
Let h be (-3)/(18/8)*-3. What is the tens digit of h/(-14) - 100/(-7)?
1
Suppose 4*z + 5*q + 15 = 0, -3*z - 2*z = -q - 3. Let l be -2 + 2*16 - z. Suppose l = -a + 3*a. What is the tens digit of a?
1
Suppose -2*g = -66 - 32. Suppose 3*a - u = -a + g, 6 = a + u. What is the units digit of a?
1
Let x(f) = f. Let c(h) = 8*h - 3. Let t(s) = c(s) - 6*x(s). Let q be t(4). Suppose 0 = -5*u + 10, -4*w + 25 - q = 2*u. What is the units digit of w?
4
Let a(w) = w**3 - 2*w**2. Suppose 4 = 2*c + 2. Let y be a(c). What is the units digit of ((-3)/6)/(y/12)?
6
Suppose 0 = -16*a + 14*a + 6. What is the units digit of a?
3
Let y = -25 - -62. What is the units digit of y?
7
Let l(d) = d**3 - 23*d**2 - 18*d - 21. What is the tens digit of l(24)?
2
Let i be -3 + 0 + 16/4. What is the units digit of i/(3*2/36)?
6
Let c = -3 + 5. What is the tens digit of 3 + 2/c + 11?
1
Let n be (-4)/14 - 2/(-7). Suppose 4*b + b - 20 = n. Suppose -b*k + 2 = -2*k. What is the units digit of k?
1
Let b be (-152)/(-3) + (-4)/6. Let s = b - 30. What is the tens digit of s?
2
Let r = 21 + 6. Let m = r + 31. Suppose -m = -4*u - 2*d, u = 3*u + 4*d - 44. What is the units digit of u?
2
Let g be (-2 - -1) + 11 + 32. What is the units digit of (-7)/g + (-26)/(-12)?
2
Suppose s - 74 = -2*j, -5*s = 3*j - j - 58. Let y be (-2)/1 + j + -3. What is the units digit of y/3 + (-3)/9?
1
Let i(c) = 39*c**3 + 2*c**2 - c. What is the tens digit of i(1)?
4
What is the units digit of (1 + -4)/(-3)*33?
3
Let h(p) = -4*p**2 - 5*p + 1. Let i(u) = -u**2 - u. Let r(z) = 4*h(z) - 18*i(z). What is the units digit of r(3)?
6
What is the tens digit of 183/12 + (-2)/8?
1
Suppose -3*m - 6*v + v = 0, -v - 3 = 0. Suppose -m*t + 10*t = -30. What is the units digit of (t/4)/((-12)/64)?
8
Let s be 2/6 + 42/9. Suppose -s*u + 7 = -3. Suppose 3*l - t - 9 = 0, -2*l - 4*t = u*l - 28. What is the units digit of l?
4
Let u = 8 - 6. Suppose 0 = 6*j - u*j + 20. Let o = 14 + j. What is the units digit of o?
9
Suppose 0 = -0*c + 5*c. Let v(p) = -2*p**3 - 9*p**2 + 7*p - 2. Let x(o) = o**3 + 4*o**2 - 3*o + 1. Let f(g) = 3*v(g) + 7*x(g). What is the units digit of f(c)?
1
Suppose -b + 15 = -0*b - h, 20 = 4*h. Let m be (1/(-3))/((-1)/6). Suppose -w + 0*w - 14 = -5*j, -m*w - 2*j = -b. What is the units digit of w?
6
Let u(i) = 6*i - 1. Let m(l) = -11*l + 1. Let j(t) = 3*m(t) + 5*u(t). What is the units digit of j(-3)?
7
Let t(b) = 2*b**2 + 5*b. Let j(s) = -2*s**2 - 4*s. Let q(f) = -6*j(f) - 5*t(f). What is the tens digit of q(-2)?
1
Let v(n) = 10*n + 4. What is the tens digit of v(5)?
5
What is the units digit of 2/(1 - 2 - 75/(-73))?
3
Let v = 25 + -9. Let f be (-1)/(-4) - 20/v. What is the units digit of (-12)/(-3) + f*2?
2
Let b be 2 + -29 - (2 + 1). What is the tens digit of 5/b + 194/12?
1
Let i = 47 - 13. What is the units digit of i?
4
Let x be (-5 - -4) + 1 + 6. Suppose 0 = -x*i + i + 30. Suppose 5*g = 5*v + 80, -3*v - i = -5*g + 66. What is the units digit of g?
2
Let l be (-1 + (-3)/(-9))*-18. Suppose -5*o - 4*g = -l, o + 5 = g + 2. Suppose -4*y + o*y = -12. What is the units digit of y?
3
Let g(w) = 10*w**3 + 4*w**2 - 2*w + 4. What is the hundreds digit of g(3)?
3
Let p = -46 + 78. What is the units digit of p?
2
Let d be -19*1 + (10 - 6). Let u = d + 27. What is the tens digit of u?
1
Suppose 3*f - 135 = -0*f. Suppose -1 = -i, -3*z - 5*i = -8*z - 5. Suppose 5*p - f - 40 = z. What is the tens digit of p?
1
Let r(o) = o**3 + o**2 - 4*o + 3. Let z be r(2). Let j(k) = 2*k**2 + 2*k - 4. Let p be j(3). Let q = p - z. What is the units digit of q?
3
Let t = -36 - -20. Let n = 30 + t. What is the tens digit of n?
1
Let i = -19 - -13. What is the tens digit of ((-4)/i)/(9/135)?
1
Let j(z) = -z**3 - 5*z**2 + 3*z + 3. Let p be j(-5). Suppose -3*n = -2*n + 6. Let l = n - p. What is the units digit of l?
6
Let w(m) = m**3 + 9*m**2 - 13*m - 52. What is the hundreds digit of w(-8)?
1
Let j = 938 - 631. What is the tens digit of j?
0
Let z(u) = 2*u - 2. Let m be z(2). Suppose -s - m*a = -4*s + 11, 2*s + 5*a = -18. What is the units digit of (s - 0)/(2/4)?
2
Let s = 1 + -1. Suppose -5*x - 3*t - 3 = 0, x + 3*x + 32 = 5*t. Let d = s - x. What is the units digit of d?
3
Let z(c) = 9*c**2 - c + 1. Let p be z(1). Let r = -2 - -6. Suppose -r*k = -k - p. What is the units digit of k?
3
Suppose 15*x - 14*x = 13. What is the units digit of x?
3
Let t(s) = s**3 + 12*s**2 - 15*s - 1. What is the tens digit of t(-13)?
2
Suppose 13*b + 90 = 15*b. What is the units digit of b?
5
Suppose 3*q - 7 = 5. Suppose -2*p - 20 = -3*g, 3*p - 22 = -q*g + p. What is the units digit of g?
6
Let n = 4 + -7. Let d(k) = -k**3 - k**2. What is the units digit of d(n)?
8
Suppose 3*u - 6 + 0 = 0, 3*h + u = 719. What is the hundreds digit of h?
2
Let t = -22 - -51. Suppose -38 = -4*n - l - 136, 2*l - t = n. What is the units digit of (-1)/4 - n/4?
6
Let z = 46 + -30. Suppose -3*m = -b + 4 + z, 3*b - 35 = 4*m. What is the units digit of b?
5
Suppose -4 - 1 = -z. Suppose -1 = n - z, -n + 14 = 5*a. What is the units digit of a?
2
Suppos